{"id":121,"date":"2009-07-28T15:07:13","date_gmt":"2009-07-28T13:07:13","guid":{"rendered":"http:\/\/blog.die-linke.de\/digitalelinke\/?page_id=121"},"modified":"2014-05-15T21:43:15","modified_gmt":"2014-05-15T20:43:15","slug":"uber-uns","status":"publish","type":"page","link":"https:\/\/blog.die-linke.de\/digitalelinke\/uber-uns\/","title":{"rendered":"\u00dcber uns"},"content":{"rendered":"<p><strong>DIGITALE LINKE \u2013 Internetportal zur Politik in der digitalen Welt!<\/strong><\/p>\n<p>\u00dcberwachungs- und Zensurinteressen im Netz nehmen zu. Zugleich wird das r\u00fcckw\u00e4rtsgewandte \u2013 teils antimodernistische, teils besitzstandswahrende \u2013 Unbehagen der Generation Analog und ihrer Verwertungsapparate immer lauter und \u00e4u\u00dfert sich vermehrt in offenen Vorurteilen und Verbotsforderungen gegen\u00fcber den Bedingungen der Informations- und Kommunikationskultur im Digitalzeitalter. Dem wollen wir unsere Forderungen nach Offenheit der Netze, demokratischem Zugang aller, w\u00fcrdigen Arbeitsbedingungen im digitalen Kapitalismus sowie einem modernen Urheberrecht, neuartigen kollektiven Rechten, Datenschutz, digitaler Demokratie und vielem mehr entgegensetzen.<\/p>\n<p>Ziel von digitale-linke.de ist es, \u00fcber Themen der digitalen Welt aus Sicht der LINKEN zu informieren und zu diskutieren. Auf dem Portal schreiben Autorinnen und Autoren aus der Partei DIE LINKE\u00a0sowie G\u00e4ste aus dem\u00a0weiteren linken\u00a0Spektrum. Die Beitr\u00e4ge geben die Meinung der Autorinnen und Autoren wieder.<\/p>\n<p>Die Redaktion besteht aus: J\u00f6rg Braun,\u00a0 Sebastian Koch,\u00a0 J\u00fcrgen Scheele,\u00a0 Tobias Schulze,\u00a0 Katharina Weise.<\/p>\n<p>Das Feld \u201ePolitik in der digitalen Welt!\u201c ist weit. Wir laden zu Diskussion und Mitarbeit ein.<\/p>\n<p>Folgen unter: <a title=\"Twitter\" href=\"http:\/\/twitter.com\/digitale_linke\" target=\"_blank\">http:\/\/twitter.com\/digitale_linke<\/a><\/p>\n<p>Kontakt zur Redaktion: digitalelinke (at) die-linke.de<\/p>\n<pre><\/pre>\n<div id=\"tweetbutton121\" class=\"tw_button\" style=\"float:right;margin-left:10px;\"><a href=\"http:\/\/twitter.com\/share?url=https%3A%2F%2Fblog.die-linke.de%2Fdigitalelinke%2Fuber-uns%2F&amp;text=%C3%9Cber%20uns&amp;related=&amp;lang=de&amp;count=horizontal&amp;counturl=https%3A%2F%2Fblog.die-linke.de%2Fdigitalelinke%2Fuber-uns%2F\" class=\"twitter-share-button\"  style=\"width:55px;height:22px;background:transparent url('https:\/\/blog.die-linke.de\/digitalelinke\/wp-content\/plugins\/wp-tweet-button\/tweetn.png') no-repeat  0 0;text-align:left;text-indent:-9999px;display:block;\">Tweet<\/a><\/div>","protected":false},"excerpt":{"rendered":"<p>DIGITALE LINKE \u2013 Internetportal zur Politik in der digitalen Welt! \u00dcberwachungs- und Zensurinteressen im Netz nehmen zu. Zugleich wird das r\u00fcckw\u00e4rtsgewandte \u2013 teils antimodernistische, teils besitzstandswahrende \u2013 Unbehagen der Generation Analog und ihrer Verwertungsapparate immer lauter und \u00e4u\u00dfert sich vermehrt in offenen Vorurteilen und Verbotsforderungen gegen\u00fcber den Bedingungen der Informations- und Kommunikationskultur im Digitalzeitalter. Dem [&hellip;]<\/p>\n","protected":false},"author":1,"featured_media":0,"parent":0,"menu_order":2,"comment_status":"closed","ping_status":"closed","template":"","meta":{"footnotes":""},"class_list":["post-121","page","type-page","status-publish","hentry"],"_links":{"self":[{"href":"https:\/\/blog.die-linke.de\/digitalelinke\/wp-json\/wp\/v2\/pages\/121","targetHints":{"allow":["GET"]}}],"collection":[{"href":"https:\/\/blog.die-linke.de\/digitalelinke\/wp-json\/wp\/v2\/pages"}],"about":[{"href":"https:\/\/blog.die-linke.de\/digitalelinke\/wp-json\/wp\/v2\/types\/page"}],"author":[{"embeddable":true,"href":"https:\/\/blog.die-linke.de\/digitalelinke\/wp-json\/wp\/v2\/users\/1"}],"replies":[{"embeddable":true,"href":"https:\/\/blog.die-linke.de\/digitalelinke\/wp-json\/wp\/v2\/comments?post=121"}],"version-history":[{"count":25,"href":"https:\/\/blog.die-linke.de\/digitalelinke\/wp-json\/wp\/v2\/pages\/121\/revisions"}],"predecessor-version":[{"id":7060,"href":"https:\/\/blog.die-linke.de\/digitalelinke\/wp-json\/wp\/v2\/pages\/121\/revisions\/7060"}],"wp:attachment":[{"href":"https:\/\/blog.die-linke.de\/digitalelinke\/wp-json\/wp\/v2\/media?parent=121"}],"curies":[{"name":"wp","href":"https:\/\/api.w.org\/{rel}","templated":true}]}}

Über uns

<p><strong>DIGITALE LINKE – Internetportal zur Politik in der digitalen Welt!</strong></p>
<p>Überwachungs- und Zensurinteressen im Netz nehmen zu. Zugleich wird das rückwärtsgewandte – teils antimodernistische, teils besitzstandswahrende – Unbehagen der Generation Analog und ihrer Verwertungsapparate immer lauter und äußert sich vermehrt in offenen Vorurteilen und Verbotsforderungen gegenüber den Bedingungen der Informations- und Kommunikationskultur im Digitalzeitalter. Dem wollen wir unsere Forderungen nach Offenheit der Netze, demokratischem Zugang aller, würdigen Arbeitsbedingungen im digitalen Kapitalismus sowie einem modernen Urheberrecht, neuartigen kollektiven Rechten, Datenschutz, digitaler Demokratie und vielem mehr entgegensetzen.</p>
<p>Ziel von digitale-linke.de ist es, über Themen der digitalen Welt aus Sicht der LINKEN zu informieren und zu diskutieren. Auf dem Portal schreiben Autorinnen und Autoren aus der Partei DIE LINKE sowie Gäste aus dem weiteren linken Spektrum. Die Beiträge geben die Meinung der Autorinnen und Autoren wieder.</p>
<p>Die Redaktion besteht aus: Jörg Braun,  Sebastian Koch,  Jürgen Scheele,  Tobias Schulze,  Katharina Weise.</p>
<p>Das Feld „Politik in der digitalen Welt!“ ist weit. Wir laden zu Diskussion und Mitarbeit ein.</p>
<p>Folgen unter: <a title="Twitter" href="http://twitter.com/digitale_linke" target="_blank">http://twitter.com/digitale_linke</a></p>
<p>Kontakt zur Redaktion: digitalelinke (at) die-linke.de</p>
<pre></pre>
<div id="tweetbutton121" class="tw_button" style="float:right;margin-left:10px;"><a href="http://twitter.com/share?url=https%3A%2F%2Fblog.die-linke.de%2Fdigitalelinke%2Fuber-uns%2F&amp;text=%C3%9Cber%20uns&amp;related=&amp;lang=de&amp;count=horizontal&amp;counturl=https%3A%2F%2Fblog.die-linke.de%2Fdigitalelinke%2Fuber-uns%2F" class="twitter-share-button"  style="width:55px;height:22px;background:transparent url('https://blog.die-linke.de/digitalelinke/wp-content/plugins/wp-tweet-button/tweetn.png') no-repeat  0 0;text-align:left;text-indent:-9999px;display:block;">Tweet</a></div>

<p>DIGITALE LINKE – Internetportal zur Politik in der digitalen Welt! Überwachungs- und Zensurinteressen im Netz nehmen zu. Zugleich wird das rückwärtsgewandte – teils antimodernistische, teils besitzstandswahrende – Unbehagen der Generation Analog und ihrer Verwertungsapparate immer lauter und äußert sich vermehrt in offenen Vorurteilen und Verbotsforderungen gegenüber den Bedingungen der Informations- und Kommunikationskultur im Digitalzeitalter. Dem [&hellip;]</p>
